 is the greatest common divisor of f and l?
61
Let h(t) = 3*t**2 - 21*t - 14. Let s be h(-2). Calculate the greatest common factor of 205 and s.
5
Let s be 26/6 + 6/9. Suppose -5*o - 10 = 0, 17*o = 5*w + 16*o - 32. Suppose w*h - s*h = 54. Calculate the greatest common divisor of 6 and h.
6
Let y be -3 + (-7 + 5 - (-137)/1). Suppose 0 = -17*p + 694 + 938. What is the highest common factor of p and y?
12
Let t = 314 + -308. Let c be (-34)/51*(-585)/t. Calculate the greatest common divisor of c and 780.
65
Let u be -1 - (-48)/(-9) - (-2)/(-3). Let n be u/(-42)*3 - 58/(-4). Suppose n*w - 10*w - 235 = 0. Calculate the highest common divisor of w and 282.
47
Let b = 472 + -57. Suppose 3*y - b = -316. Suppose 0 = 2*d + 4, -d = -3*u - 4*d + 3. What is the greatest common factor of u and y?
3
Let x be (-214458)/(-651) - (-9)/(-21). What is the highest common factor of 119 and x?
7
Let l(d) = 28*d**2 - 3806*d - 50. Let w be l(136). Calculate the highest common factor of w and 402.
6
Suppose -3821 + 15031 = 59*s. What is the greatest common factor of 940 and s?
10
Suppose -2*d + 1414 = 5*c, 93*d - 254 = -c + 89*d. Suppose g - 4*g - 2*w + 80 = 0, -2*w - 102 = -4*g. Calculate the greatest common divisor of g and c.
26
Let x(i) = -19*i**2 + 2*i - 7. Let m be x(2). Let v be 5 + (3 + -6 - m). Calculate the highest common factor of 81 and v.
81
Let v(h) = 41*h**2 + 73*h + 153. Let i be v(-2). Calculate the highest common factor of i and 38.
19
Let c = -220 - -353. Let y = -21 + c. Calculate the greatest common divisor of 14 and y.
14
Let q = 61 + -58. Suppose -13 = q*s - 4*g + 1, -22 = 3*s + 4*g. Let z be 1/1 + (-4)/s*51. What is the highest common factor of 7 and z?
7
Let o(h) = 20*h + 10 + 0*h**2 + 63 + h**2 + 25. Let t be o(-13). What is the greatest common factor of 112 and t?
7
Let q(n) = n + 4. Let x be q(-3). Let z be ((-21)/63)/(x/(-183)). Calculate the highest common divisor of 549 and z.
61
Let n = -22 - -86. Let m = 64 - n. Suppose -k - 77 = -a, -4*a - 3*k - k + 300 = m. What is the greatest common factor of a and 114?
38
Suppose -10831 = -275*l + 64244. What is the highest common divisor of 1820 and l?
91
Let x(g) = 82*g + 1. Let w be x(-1). Let n be (w/2)/1*30/(-9). Let d be 8/(96/n)*176/6. Calculate the greatest common factor of 30 and d.
30
Let v = -131 - -218. Let o(s) = 4*s**2 + 56*s + 23. Let i be o(-16). Let a = i - v. Calculate the highest common factor of a and 96.
32
Suppose -1214*x + 1190*x = -72. Let m = 239 - 164. What is the highest common factor of x and m?
3
Let x be (51/(-2))/(7/3 - (-97513)/(-41574)). Calculate the greatest common divisor of x and 765.
51
Let k(u) = -u**2 - u + 217. Let t be k(-11). Calculate the highest common factor of 8453 and t.
107
Let m = 147 - 146. Let z(n) = 38*n - 36. Let g be z(3). Calculate the highest common factor of g and m.
1
Suppose -56*n + 10746 + 767 + 12567 = 0. What is the highest common divisor of 20 and n?
10
Suppose 0 = -6*w + 148 + 104. Suppose 416*t = 402*t + 11172. Calculate the greatest common factor of t and w.
42
Suppose -218 = -4*i + 34. What is the highest common factor of i and 5607?
63
Let r(n) = n**3 - n**2 + 3*n + 11. Let z(a) = -22*a - 66. Let g be z(-3). Let m be r(g). Calculate the greatest common divisor of m and 473.
11
Let p(t) = -65*t - 60. Let l be p(-1). Suppose -4*x - d = -46 - 11, -25 = -l*d. Let o be 2 - 3 - 106/(-2). Calculate the highest common divisor of o and x.
13
Suppose 2*n + 3*w + 30 = w, 3*n - 4*w + 80 = 0. Let i(y) = y**3 + 22*y**2 + 39*y + 10. Let s be i(n). What is the highest common divisor of 150 and s?
30
Suppose -705 = -3*r + 516. Let m = -267 + r. What is the greatest common factor of m and 70?
70
Suppose -5*c + 310 = 5*x - 185, c = -5*x + 115. Suppose -96*w + c*w + 42 = 0. What is the greatest common divisor of w and 42?
42
Suppose z = -x + 639, -15*x - 4*z = -17*x + 1308. Calculate the greatest common factor of x and 476.
28
Suppose -47*s + 5746 = 2*s - 4152. What is the greatest common factor of s and 3232?
202
Suppose -67*q = 23*q - 56700. What is the greatest common divisor of 56 and q?
14
Let q = 70 - -569. Calculate the highest common divisor of 3763 and q.
71
Let t(l) = -143*l + 290. Let y be t(0). What is the highest common divisor of 140 and y?
10
Let y = 16064 + -16030. What is the highest common divisor of 512 and y?
2
Let m be ((-9)/((-72)/(-48496)))/(-1). Calculate the highest common factor of 28 and m.
14
Let r(l) = 4*l - 58. Let j be r(16). Suppose 5*n = 6*n - j. What is the greatest common divisor of 120 and n?
6
Let j = -467 - -420. Let g = j + 242. What is the greatest common factor of g and 65?
65
Let o be 1221/(15 + 8 + -20). What is the greatest common divisor of o and 33?
11
Let k(z) = -z**2 - 122*z - 2232. Let n be k(-23). Calculate the highest common factor of n and 18045.
45
Suppose o - 4*g = -3*g + 45, 0 = 3*o + g - 155. Suppose -14*a + 125 = -211. Let i = o - a. What is the highest common factor of 234 and i?
26
Let x = -4710 + 5218. What is the greatest common factor of x and 2?
2
Suppose -13111*p + 13117*p - 52392 = 0. Calculate the greatest common factor of p and 148.
148
Suppose 0*n - 12 = 2*n. Let z(w) = -99*w + 16. Let o be z(n). Suppose -10*j - 50 = -o. Calculate the greatest common divisor of j and 70.
14
Let s(h) be the first derivative of -h**3/3 - 5*h**2 + 18*h + 94. Let v be s(-6). Calculate the greatest common factor of 567 and v.
21
Let u = -17 + 67. Let n = -49 + 106. Let g = n - u. Calculate the greatest common divisor of 28 and g.
7
Suppose -147 - 26 = -98*b + 23. What is the greatest common divisor of 214 and b?
2
Suppose 2*m = 5*q - 2278, 0 = 3*q - 8*m + 5*m - 1374. Suppose -459*p = -q*p - 50. What is the greatest common divisor of p and 22?
2
Let x = 5104 - 4974. Suppose -3*q - 2*q = -50. What is the greatest common divisor of x and q?
10
Suppose 4516 = 21*l + 3*l + 1612. Let g = -4 - -8. Let x = 15 - g. What is the greatest common divisor of l and x?
11
Let a be ((-20)/(-7))/(4/14). Let d = 1815 + -1810. What is the highest common divisor of a and d?
5
Let k = -1398 - -7585. What is the highest common divisor of 23 and k?
23
Let w be (-800)/(-56)*7 - 16. Calculate the highest common factor of 120 and w.
12
Suppose 0 = -4*w + 48 - 80. Let o(z) = 5*z + 50. Let q be o(w). Calculate the highest common factor of q and 70.
10
Let t be ((12/5)/(-1))/(6/(-20)). Suppose -t*z + 347 = -101. Let p = 86 - z. What is the greatest common factor of 6 and p?
6
Suppose -7*f - 432 = -117. Let x = f + 95. Suppose 2*v = -4*g + 112, -4*g + 4*v + 0*v = -136. Calculate the greatest common divisor of x and g.
10
Let m be 8*18/(-384) + (-2982)/(-16). What is the highest common divisor of m and 48?
6
Suppose 2*g + 2*s - 403 = 7*s, 0 = -5*g + 3*s + 979. Let i = g - 190. Let b be (-5*1/(-5))/(1/16). What is the highest common divisor of i and b?
4
Suppose 269*m - 273*m = -2*s - 1082, -4*m = -3*s - 1077. What is the greatest common divisor of 182 and m?
91
Let c be (-24)/(-5 + 1773/360). Let b be 1160/c + 6/16. What is the highest common divisor of 62 and b?
2
Let l be (-18 - -17) + (-1)/(0 - (-1)/(-133)). What is the highest common divisor of l and 5?
1
Let b be -5 + 114/30 - ((-76)/5 - 4). What is the greatest common divisor of 5 and b?
1
Let s = -1173 - -4261. Calculate the greatest common factor of s and 32.
16
Suppose -283*k = -281*k + 30. Let c be 20/k + (-256)/(-3). Calculate the greatest common divisor of 140 and c.
28
Suppose 3*i - 2*m - 55 = 0, 2*m = -583*i + 581*i + 20. Calculate the highest common factor of 565 and i.
5
Suppose 7*x + 63 = 385. Suppose -2*a - 4*r + 20 = 0, 4*a - 15 = r - 2. Suppose p + 138 = a*p. Calculate the highest common factor of p and x.
46
Suppose 5*q - 10*u - 175 = -15*u, 0 = -5*q - u + 155. What is the highest common divisor of 405 and q?
15
Let t = 856 - 499. Calculate the highest common divisor of t and 1029.
21
Let u(f) = -1 + 11 - 11 - 15*f. Let d be u(-8). Suppose 3*o + 11 = d. What is the highest common factor of o and 324?
36
Let q be 352*(102/12 + (-5 - 2)) + 4. Calculate the highest common divisor of q and 4123.
133
Let d be ((-2)/(-4))/((-357)/(-2013480)). What is the highest common factor of d and 180?
60
Let u = -4 + 18. Suppose 0 = -10*w - 7*w + 2465. Let x = 299 - w. Calculate 